{"id":174,"date":"2013-10-20T16:41:24","date_gmt":"2013-10-20T16:41:24","guid":{"rendered":"https:\/\/rotarycordon.com\/?page_id=174"},"modified":"2022-02-17T16:59:51","modified_gmt":"2022-02-17T19:59:51","slug":"programa-de-salud-bucal","status":"publish","type":"page","link":"https:\/\/rotarycordon.com\/?page_id=174","title":{"rendered":"Programa de Salud Bucal"},"content":{"rendered":"<p>[et_pb_section admin_label=\u00bbsection\u00bb]<br \/>\n\t\t\t[et_pb_row admin_label=\u00bbrow\u00bb]<br \/>\n\t\t\t\t[et_pb_column type=\u00bb4_4&#8243;][et_pb_text admin_label=\u00bbText\u00bb]<\/p>\n<h1><\/h1>\n<h3 style=\"text-align: center;\"><strong>SUB COMITE DISTRITAL<\/strong><\/h3>\n<h2 style=\"text-align: center;\"><strong>PRAT &#8211; Programa de Restauraci\u00f3n atraum\u00e1tica<\/strong><\/h2>\n<h2 style=\"text-align: center;\"><strong>Atenci\u00f3n Primaria de Salud Bucal<\/strong><\/h2>\n<p>El proyecto contiene 2 aspectos, . Desde el punto de vista directo, la obra apunta que todos los chicos de edad escolar, de nuestro territorio lleguen a disponer de atenci\u00f3n bucal para mantener saludable su boca, y desde el punto de vista indirecto que ese cuidado lo incorporen permanentemente a sus h\u00e1bitos , intentando erradicar viejos conceptos , como extraer un diente porque tiene un problema que molesta.No hace falta pensarlo mucho para entender lo importante que es mantener una dentadura en buen estado, tanto por cuestiones de salud \u00a0(por la manera de ingerir alimentos), como desde los aspectos sociales y laborales ( hay que tener presente la situaci\u00f3n desfavorable en la que se encuentra un joven cuando muestra una sonrisa sin dientes, por ejemplo al ir en busca de trabajo).<\/p>\n<p>Hay una uni\u00f3n estrat\u00e9gica entre Rotary y la OMS\/OPS, Esta uni\u00f3n viene de la d\u00e9cada del 80 cuando enfrentaron el proyecto de eliminaci\u00f3n de la polio.<\/p>\n<p>Las responsabilidades asumidas en resumen son: La OPS prepara a los t\u00e9cnicos \u00a0y los provee de herramientas, hasta ahora el MSP aporto los descartables, algod\u00f3n, papel, etc. Rotary aporta la log\u00edstica \u00a0en la escuela y los ionomeros, nombrando el club un miembro como responsable.<\/p>\n<p>Los odont\u00f3logos arios fueron contratados por distintas instituciones, algunas cediendo horas de sus propio odont\u00f3logos como el caso de Sanidad Militar, Salud Publica , Intendencias y Mutualistas.<\/p>\n<p>Los ionomeros para el Distrito 4980, los ha provisto la gobernaci\u00f3n por un acuerdo con la empresa 3M y la utilizaci\u00f3n de recursos de una de la subvenci\u00f3n simplificada del distrito realizada oportunamente.<\/p>\n<p>El<strong> Plan de\u00a0Promoci\u00f3n\u00a0de la Salud Bucal<\/strong>\u00a0apoya en estos momentos al sistema mas claro y eficiente que se ha presentado para cumplir con este fin primordial . Hasta ahora el sistema PRAT ha sido el mas eficaz y practico \u00a0que se nos ha presentado y que ha demostrado claros resultados hacia el fin perseguido. Cuando las autoridades responsables por la Salud Bucal \u00a0aplique a otro sistema que demuestre mejores resultados , Rotary \u00a0prestar\u00e1 el mismo apoyo que sigue \u00a0brindando en el presente. La Salud Bucal \u00a0es el objetivo.<\/p>\n<p>En las fotos ilustrativas se puede ver a los odontologos Dr Daniel Larrosa, y al Dr. Daniel Accossano, socios de nuestro club quienes realizan el m\u00e9todo PRAT en alumnos \u00a0de la Escuela Nro. 209 para ni\u00f1os de capacidad diferente. Es de destacar la colaboraci\u00f3n de la empresa COLGATE quien dono cepillos de dientes, pastas y otros elementos para los alumnos.<\/p>\n<p>Es imperioso destacar la labor desarrollada por el Dr. Daniel Larrosa, quien se tuvo que alejar de nuestro Club (esperemos que circunstancialmente) por razones laborales, pero sigui\u00f3 atendiendo a los alumnos de la Escuela Nro 209, en sus horas libres, demostrando un espiritu solidario que es muy apreciado y reconocido por nuestro Club.<\/p>\n<p>En las fotos ilustrativas se puede ver a los ni\u00f1os, viendo un video ilustrativo, asi como en el momento de la atencion. En la primera foto se puede ver a nuestro socio Enrique Bianchi junto a alumnos que muestran los cepillos de dientes y pastas que le fueran obsequiados.<\/p>\n<h1 style=\"text-align: center;\"><strong><a href=\"https:\/\/rotarycordon.com\/wp-content\/uploads\/2013\/10\/IMG-20160711-WA0006.jpg\" rel=\"attachment wp-att-239\"><img loading=\"lazy\" decoding=\"async\" class=\"wp-image-239 alignnone\" src=\"https:\/\/rotarycordon.com\/wp-content\/uploads\/2013\/10\/IMG-20160711-WA0006-1024x768.jpg\" alt=\"IMG-20160711-WA0006\" width=\"469\" height=\"354\" srcset=\"https:\/\/rotarycordon.com\/wp-content\/uploads\/2013\/10\/IMG-20160711-WA0006-300x225.jpg 300w, https:\/\/rotarycordon.com\/wp-content\/uploads\/2013\/10\/IMG-20160711-WA0006-250x188.jpg 250w\" sizes=\"(max-width: 469px) 100vw, 469px\" \/><\/a><\/strong><\/h1>\n<h1 style=\"text-align: center;\"><strong><a href=\"https:\/\/rotarycordon.com\/wp-content\/uploads\/2013\/10\/IMG-20160620-WA0008.jpg\" rel=\"attachment wp-att-240\"><img loading=\"lazy\" decoding=\"async\" class=\"wp-image-240 alignnone\" src=\"https:\/\/rotarycordon.com\/wp-content\/uploads\/2013\/10\/IMG-20160620-WA0008-1024x768.jpg\" alt=\"IMG-20160620-WA0008\" width=\"468\" height=\"354\" \/><\/a><\/strong><\/h1>\n<h1 style=\"text-align: center;\"><strong> <a href=\"https:\/\/rotarycordon.com\/wp-content\/uploads\/2013\/10\/IMG-20160620-WA0007.jpg\" rel=\"attachment wp-att-241\"><img loading=\"lazy\" decoding=\"async\" class=\"wp-image-241 alignnone\" src=\"https:\/\/rotarycordon.com\/wp-content\/uploads\/2013\/10\/IMG-20160620-WA0007-1024x768.jpg\" alt=\"IMG-20160620-WA0007\" width=\"466\" height=\"352\" \/><\/a> <a href=\"https:\/\/rotarycordon.com\/wp-content\/uploads\/2013\/10\/IMG-20160620-WA0006.jpg\" rel=\"attachment wp-att-242\"><img loading=\"lazy\" decoding=\"async\" class=\"wp-image-242 alignnone\" src=\"https:\/\/rotarycordon.com\/wp-content\/uploads\/2013\/10\/IMG-20160620-WA0006-1024x768.jpg\" alt=\"IMG-20160620-WA0006\" width=\"465\" height=\"351\" srcset=\"https:\/\/rotarycordon.com\/wp-content\/uploads\/2013\/10\/IMG-20160620-WA0006-300x225.jpg 300w, https:\/\/rotarycordon.com\/wp-content\/uploads\/2013\/10\/IMG-20160620-WA0006-250x188.jpg 250w\" sizes=\"(max-width: 465px) 100vw, 465px\" \/><\/a> <a href=\"https:\/\/rotarycordon.com\/wp-content\/uploads\/2013\/10\/IMG-20160726-WA0005.jpg\" rel=\"attachment wp-att-243\"><img loading=\"lazy\" decoding=\"async\" class=\"wp-image-243 alignnone\" src=\"https:\/\/rotarycordon.com\/wp-content\/uploads\/2013\/10\/IMG-20160726-WA0005-1024x575.jpg\" alt=\"IMG-20160726-WA0005\" width=\"464\" height=\"265\" \/><\/a> <a href=\"https:\/\/rotarycordon.com\/wp-content\/uploads\/2013\/10\/IMG-20160711-WA0003.jpg\" rel=\"attachment wp-att-245\"><img loading=\"lazy\" decoding=\"async\" class=\"wp-image-245 alignnone\" src=\"https:\/\/rotarycordon.com\/wp-content\/uploads\/2013\/10\/IMG-20160711-WA0003-1024x768.jpg\" alt=\"IMG-20160711-WA0003\" width=\"466\" height=\"352\" \/><\/a> <a href=\"https:\/\/rotarycordon.com\/wp-content\/uploads\/2013\/10\/IMG-20160726-WA0003.jpg\" rel=\"attachment wp-att-246\"><img loading=\"lazy\" decoding=\"async\" class=\"wp-image-246 alignnone\" src=\"https:\/\/rotarycordon.com\/wp-content\/uploads\/2013\/10\/IMG-20160726-WA0003-575x1024.jpg\" alt=\"IMG-20160726-WA0003\" width=\"329\" height=\"578\" \/><\/a> <a href=\"https:\/\/rotarycordon.com\/wp-content\/uploads\/2013\/10\/IMG-20160726-WA0001.jpg\" rel=\"attachment wp-att-247\"><img loading=\"lazy\" decoding=\"async\" class=\"wp-image-247 alignnone\" src=\"https:\/\/rotarycordon.com\/wp-content\/uploads\/2013\/10\/IMG-20160726-WA0001-1024x575.jpg\" alt=\"IMG-20160726-WA0001\" width=\"492\" height=\"281\" \/><\/a> <a href=\"https:\/\/rotarycordon.com\/wp-content\/uploads\/2013\/10\/IMG-20160726-WA0002.jpg\" rel=\"attachment wp-att-248\"><img loading=\"lazy\" decoding=\"async\" class=\"wp-image-248 alignnone\" src=\"https:\/\/rotarycordon.com\/wp-content\/uploads\/2013\/10\/IMG-20160726-WA0002-1024x575.jpg\" alt=\"IMG-20160726-WA0002\" width=\"495\" height=\"283\" \/><\/a> <a href=\"https:\/\/rotarycordon.com\/wp-content\/uploads\/2013\/10\/IMG-20160726-WA0004.jpg\" rel=\"attachment wp-att-249\"><img loading=\"lazy\" decoding=\"async\" class=\"wp-image-249 alignnone\" src=\"https:\/\/rotarycordon.com\/wp-content\/uploads\/2013\/10\/IMG-20160726-WA0004-575x1024.jpg\" alt=\"IMG-20160726-WA0004\" width=\"364\" height=\"641\" \/><\/a> <a href=\"https:\/\/rotarycordon.com\/wp-content\/uploads\/2013\/10\/IMG-20160620-WA0006-1.jpg\" rel=\"attachment wp-att-250\"><img loading=\"lazy\" decoding=\"async\" class=\"wp-image-250 alignnone\" src=\"https:\/\/rotarycordon.com\/wp-content\/uploads\/2013\/10\/IMG-20160620-WA0006-1-1024x768.jpg\" alt=\"IMG-20160620-WA0006\" width=\"511\" height=\"386\" \/><\/a><\/strong><\/h1>\n<h1 style=\"text-align: center;\"><\/h1>\n<p>[\/et_pb_text][\/et_pb_column]<br \/>\n\t\t\t[\/et_pb_row]<br \/>\n\t\t[\/et_pb_section]<\/p>\n","protected":false},"excerpt":{"rendered":"<p>SUB COMITE DISTRITAL PRAT &#8211; Programa de Restauraci\u00f3n atraum\u00e1tica Atenci\u00f3n Primaria de Salud Bucal El proyecto contiene 2 aspectos, . Desde el punto de vista directo, la obra apunta que todos los chicos de edad escolar, de nuestro territorio lleguen a disponer de atenci\u00f3n bucal para mantener saludable su boca, y desde el punto de [&hellip;]<\/p>\n","protected":false},"author":3,"featured_media":0,"parent":0,"menu_order":0,"comment_status":"closed","ping_status":"closed","template":"","meta":{"_et_pb_use_builder":"on","_et_pb_old_content":"<h1><\/h1>\n<h3 style=\"text-align: center;\"><strong>SUB COMITE DISTRITAL<\/strong><\/h3>\n<h2 style=\"text-align: center;\"><strong>PRAT - Programa de Restauraci\u00f3n atraum\u00e1tica<\/strong><\/h2>\n<h2 style=\"text-align: center;\"><strong>Atenci\u00f3n Primaria de Salud Bucal<\/strong><\/h2>\nEl proyecto contiene 2 aspectos, . Desde el punto de vista directo, la obra apunta que todos los chicos de edad escolar, de nuestro territorio lleguen a disponer de atenci\u00f3n bucal para mantener saludable su boca, y desde el punto de vista indirecto que ese cuidado lo incorporen permanentemente a sus h\u00e1bitos , intentando erradicar viejos conceptos , como extraer un diente porque tiene un problema que molesta.No hace falta pensarlo mucho para entender lo importante que es mantener una dentadura en buen estado, tanto por cuestiones de salud \u00a0(por la manera de ingerir alimentos), como desde los aspectos sociales y laborales ( hay que tener presente la situaci\u00f3n desfavorable en la que se encuentra un joven cuando muestra una sonrisa sin dientes, por ejemplo al ir en busca de trabajo).\n\nHay una uni\u00f3n estrat\u00e9gica entre Rotary y la OMS\/OPS, Esta uni\u00f3n viene de la d\u00e9cada del 80 cuando enfrentaron el proyecto de eliminaci\u00f3n de la polio.\n\nLas responsabilidades asumidas en resumen son: La OPS prepara a los t\u00e9cnicos \u00a0y los provee de herramientas, hasta ahora el MSP aporto los descartables, algod\u00f3n, papel, etc. Rotary aporta la log\u00edstica \u00a0en la escuela y los ionomeros, nombrando el club un miembro como responsable.\n\nLos odont\u00f3logos arios fueron contratados por distintas instituciones, algunas cediendo horas de sus propio odont\u00f3logos como el caso de Sanidad Militar, Salud Publica , Intendencias y Mutualistas.\n\nLos ionomeros para el Distrito 4980, los ha provisto la gobernaci\u00f3n por un acuerdo con la empresa 3M y la utilizaci\u00f3n de recursos de una de la subvenci\u00f3n simplificada del distrito realizada oportunamente.\n\nEl<strong> Plan de\u00a0Promoci\u00f3n\u00a0de la Salud Bucal<\/strong>\u00a0apoya en estos momentos al sistema mas claro y eficiente que se ha presentado para cumplir con este fin primordial . Hasta ahora el sistema PRAT ha sido el mas eficaz y practico \u00a0que se nos ha presentado y que ha demostrado claros resultados hacia el fin perseguido. Cuando las autoridades responsables por la Salud Bucal \u00a0aplique a otro sistema que demuestre mejores resultados , Rotary \u00a0prestar\u00e1 el mismo apoyo que sigue \u00a0brindando en el presente. La Salud Bucal \u00a0es el objetivo.\n\nEn las fotos ilustrativas se puede ver a los odontologos Dr Daniel Larrosa, y al Dr. Daniel Accossano, socios de nuestro club quienes realizan el m\u00e9todo PRAT en alumnos \u00a0de la Escuela Nro. 209 para ni\u00f1os de capacidad diferente. Es de destacar la colaboraci\u00f3n de la empresa COLGATE quien dono cepillos de dientes, pastas y otros elementos para los alumnos.\n\nEs imperioso destacar la labor desarrollada por el Dr. Daniel Larrosa, quien se tuvo que alejar de nuestro Club (esperemos que circunstancialmente) por razones laborales, pero sigui\u00f3 atendiendo a los alumnos de la Escuela Nro 209, en sus horas libres, demostrando un espiritu solidario que es muy apreciado y reconocido por nuestro Club.\n\nEn las fotos ilustrativas se puede ver a los ni\u00f1os, viendo un video ilustrativo, asi como en el momento de la atencion. En la primera foto se puede ver a nuestro socio Enrique Bianchi junto a alumnos que muestran los cepillos de dientes y pastas que le fueran obsequiados.\n<h1 style=\"text-align: center;\"><strong><a href=\"https:\/\/rotarycordon.com\/wp-content\/uploads\/2013\/10\/IMG-20160711-WA0006.jpg\" rel=\"attachment wp-att-239\"><img class=\"wp-image-239 alignnone\" src=\"https:\/\/rotarycordon.com\/wp-content\/uploads\/2013\/10\/IMG-20160711-WA0006-1024x768.jpg\" alt=\"IMG-20160711-WA0006\" width=\"469\" height=\"354\" \/><\/a><\/strong><\/h1>\n<h1 style=\"text-align: center;\"><strong><a href=\"https:\/\/rotarycordon.com\/wp-content\/uploads\/2013\/10\/IMG-20160620-WA0008.jpg\" rel=\"attachment wp-att-240\"><img class=\"wp-image-240 alignnone\" src=\"https:\/\/rotarycordon.com\/wp-content\/uploads\/2013\/10\/IMG-20160620-WA0008-1024x768.jpg\" alt=\"IMG-20160620-WA0008\" width=\"468\" height=\"354\" \/><\/a><\/strong><\/h1>\n<h1 style=\"text-align: center;\"><strong> <a href=\"https:\/\/rotarycordon.com\/wp-content\/uploads\/2013\/10\/IMG-20160620-WA0007.jpg\" rel=\"attachment wp-att-241\"><img class=\"wp-image-241 alignnone\" src=\"https:\/\/rotarycordon.com\/wp-content\/uploads\/2013\/10\/IMG-20160620-WA0007-1024x768.jpg\" alt=\"IMG-20160620-WA0007\" width=\"466\" height=\"352\" \/><\/a> <a href=\"https:\/\/rotarycordon.com\/wp-content\/uploads\/2013\/10\/IMG-20160620-WA0006.jpg\" rel=\"attachment wp-att-242\"><img class=\"wp-image-242 alignnone\" src=\"https:\/\/rotarycordon.com\/wp-content\/uploads\/2013\/10\/IMG-20160620-WA0006-1024x768.jpg\" alt=\"IMG-20160620-WA0006\" width=\"465\" height=\"351\" \/><\/a> <a href=\"https:\/\/rotarycordon.com\/wp-content\/uploads\/2013\/10\/IMG-20160726-WA0005.jpg\" rel=\"attachment wp-att-243\"><img class=\"wp-image-243 alignnone\" src=\"https:\/\/rotarycordon.com\/wp-content\/uploads\/2013\/10\/IMG-20160726-WA0005-1024x575.jpg\" alt=\"IMG-20160726-WA0005\" width=\"464\" height=\"265\" \/><\/a> <a href=\"https:\/\/rotarycordon.com\/wp-content\/uploads\/2013\/10\/IMG-20160711-WA0003.jpg\" rel=\"attachment wp-att-245\"><img class=\"wp-image-245 alignnone\" src=\"https:\/\/rotarycordon.com\/wp-content\/uploads\/2013\/10\/IMG-20160711-WA0003-1024x768.jpg\" alt=\"IMG-20160711-WA0003\" width=\"466\" height=\"352\" \/><\/a> <a href=\"https:\/\/rotarycordon.com\/wp-content\/uploads\/2013\/10\/IMG-20160726-WA0003.jpg\" rel=\"attachment wp-att-246\"><img class=\"wp-image-246 alignnone\" src=\"https:\/\/rotarycordon.com\/wp-content\/uploads\/2013\/10\/IMG-20160726-WA0003-575x1024.jpg\" alt=\"IMG-20160726-WA0003\" width=\"329\" height=\"578\" \/><\/a> <a href=\"https:\/\/rotarycordon.com\/wp-content\/uploads\/2013\/10\/IMG-20160726-WA0001.jpg\" rel=\"attachment wp-att-247\"><img class=\"wp-image-247 alignnone\" src=\"https:\/\/rotarycordon.com\/wp-content\/uploads\/2013\/10\/IMG-20160726-WA0001-1024x575.jpg\" alt=\"IMG-20160726-WA0001\" width=\"492\" height=\"281\" \/><\/a> <a href=\"https:\/\/rotarycordon.com\/wp-content\/uploads\/2013\/10\/IMG-20160726-WA0002.jpg\" rel=\"attachment wp-att-248\"><img class=\"wp-image-248 alignnone\" src=\"https:\/\/rotarycordon.com\/wp-content\/uploads\/2013\/10\/IMG-20160726-WA0002-1024x575.jpg\" alt=\"IMG-20160726-WA0002\" width=\"495\" height=\"283\" \/><\/a> <a href=\"https:\/\/rotarycordon.com\/wp-content\/uploads\/2013\/10\/IMG-20160726-WA0004.jpg\" rel=\"attachment wp-att-249\"><img class=\"wp-image-249 alignnone\" src=\"https:\/\/rotarycordon.com\/wp-content\/uploads\/2013\/10\/IMG-20160726-WA0004-575x1024.jpg\" alt=\"IMG-20160726-WA0004\" width=\"364\" height=\"641\" \/><\/a> <a href=\"https:\/\/rotarycordon.com\/wp-content\/uploads\/2013\/10\/IMG-20160620-WA0006-1.jpg\" rel=\"attachment wp-att-250\"><img class=\"wp-image-250 alignnone\" src=\"https:\/\/rotarycordon.com\/wp-content\/uploads\/2013\/10\/IMG-20160620-WA0006-1-1024x768.jpg\" alt=\"IMG-20160620-WA0006\" width=\"511\" height=\"386\" \/><\/a><\/strong><\/h1>\n<h1 style=\"text-align: center;\"><\/h1>","_et_gb_content_width":"1134","footnotes":""},"class_list":["post-174","page","type-page","status-publish","hentry"],"jetpack_sharing_enabled":true,"jetpack_shortlink":"https:\/\/wp.me\/P80Pmn-2O","_links":{"self":[{"href":"https:\/\/rotarycordon.com\/index.php?rest_route=\/wp\/v2\/pages\/174","targetHints":{"allow":["GET"]}}],"collection":[{"href":"https:\/\/rotarycordon.com\/index.php?rest_route=\/wp\/v2\/pages"}],"about":[{"href":"https:\/\/rotarycordon.com\/index.php?rest_route=\/wp\/v2\/types\/page"}],"author":[{"embeddable":true,"href":"https:\/\/rotarycordon.com\/index.php?rest_route=\/wp\/v2\/users\/3"}],"replies":[{"embeddable":true,"href":"https:\/\/rotarycordon.com\/index.php?rest_route=%2Fwp%2Fv2%2Fcomments&post=174"}],"version-history":[{"count":5,"href":"https:\/\/rotarycordon.com\/index.php?rest_route=\/wp\/v2\/pages\/174\/revisions"}],"predecessor-version":[{"id":1420,"href":"https:\/\/rotarycordon.com\/index.php?rest_route=\/wp\/v2\/pages\/174\/revisions\/1420"}],"wp:attachment":[{"href":"https:\/\/rotarycordon.com\/index.php?rest_route=%2Fwp%2Fv2%2Fmedia&parent=174"}],"curies":[{"name":"wp","href":"https:\/\/api.w.org\/{rel}","templated":true}]}}